{"id":6304,"date":"2024-10-28T16:53:34","date_gmt":"2024-10-28T20:53:34","guid":{"rendered":"https:\/\/mulalo.gob.ec\/cotopaxi\/?page_id=6304"},"modified":"2024-10-28T17:29:33","modified_gmt":"2024-10-28T21:29:33","slug":"comentarios-de-pdo","status":"publish","type":"page","link":"https:\/\/mulalo.gob.ec\/cotopaxi\/comentarios-de-pdo\/","title":{"rendered":"COMENTARIOS DE PDOT MULAL\u00d3"},"content":{"rendered":"<p>&nbsp;<\/p>\n<figure id=\"attachment_6305\" aria-describedby=\"caption-attachment-6305\" style=\"width: 550px\" class=\"wp-caption alignnone\"><img loading=\"lazy\" decoding=\"async\" class=\"size-medium wp-image-6305\" src=\"https:\/\/mulalo.gob.ec\/cotopaxi\/wp-content\/uploads\/2024\/10\/PDOT-550x339.jpg\" alt=\"\" width=\"550\" height=\"339\" srcset=\"https:\/\/mulalo.gob.ec\/cotopaxi\/wp-content\/uploads\/2024\/10\/PDOT-550x339.jpg 550w, https:\/\/mulalo.gob.ec\/cotopaxi\/wp-content\/uploads\/2024\/10\/PDOT-1024x631.jpg 1024w, https:\/\/mulalo.gob.ec\/cotopaxi\/wp-content\/uploads\/2024\/10\/PDOT-768x473.jpg 768w, https:\/\/mulalo.gob.ec\/cotopaxi\/wp-content\/uploads\/2024\/10\/PDOT-1536x946.jpg 1536w, https:\/\/mulalo.gob.ec\/cotopaxi\/wp-content\/uploads\/2024\/10\/PDOT-2048x1261.jpg 2048w\" sizes=\"auto, (max-width: 550px) 100vw, 550px\" \/><figcaption id=\"caption-attachment-6305\" class=\"wp-caption-text\">DESDE 28 &#8211; 10-2024 HASTA 04 -11-2&#8217;24<\/figcaption><\/figure>\n<p><a href=\"https:\/\/mulalo.gob.ec\/cotopaxi\/wp-content\/uploads\/2024\/10\/PDOT-Mulalo-2024-1.pdf\">PDOT Mulal\u00f3 2024<\/a><\/p>\n","protected":false},"excerpt":{"rendered":"<p>&nbsp; PDOT Mulal\u00f3 2024<\/p>\n","protected":false},"author":3,"featured_media":0,"parent":0,"menu_order":0,"comment_status":"closed","ping_status":"closed","template":"","meta":{"site-sidebar-layout":"default","site-content-layout":"","ast-site-content-layout":"default","site-content-style":"default","site-sidebar-style":"default","ast-global-header-display":"","ast-banner-title-visibility":"","ast-main-header-display":"","ast-hfb-above-header-display":"","ast-hfb-below-header-display":"","ast-hfb-mobile-header-display":"","site-post-title":"","ast-breadcrumbs-content":"","ast-featured-img":"","footer-sml-layout":"","ast-disable-related-posts":"","theme-transparent-header-meta":"","adv-header-id-meta":"","stick-header-meta":"","header-above-stick-meta":"","header-main-stick-meta":"","header-below-stick-meta":"","astra-migrate-meta-layouts":"default","ast-page-background-enabled":"default","ast-page-background-meta":{"desktop":{"background-color":"var(--ast-global-color-5)","background-image":"","background-repeat":"repeat","background-position":"center center","background-size":"auto","background-attachment":"scroll","background-type":"","background-media":"","overlay-type":"","overlay-color":"","overlay-opacity":"","overlay-gradient":""},"tablet":{"background-color":"","background-image":"","background-repeat":"repeat","background-position":"center center","background-size":"auto","background-attachment":"scroll","background-type":"","background-media":"","overlay-type":"","overlay-color":"","overlay-opacity":"","overlay-gradient":""},"mobile":{"background-color":"","background-image":"","background-repeat":"repeat","background-position":"center center","background-size":"auto","background-attachment":"scroll","background-type":"","background-media":"","overlay-type":"","overlay-color":"","overlay-opacity":"","overlay-gradient":""}},"ast-content-background-meta":{"desktop":{"background-color":"var(--ast-global-color-4)","background-image":"","background-repeat":"repeat","background-position":"center center","background-size":"auto","background-attachment":"scroll","background-type":"","background-media":"","overlay-type":"","overlay-color":"","overlay-opacity":"","overlay-gradient":""},"tablet":{"background-color":"var(--ast-global-color-4)","background-image":"","background-repeat":"repeat","background-position":"center center","background-size":"auto","background-attachment":"scroll","background-type":"","background-media":"","overlay-type":"","overlay-color":"","overlay-opacity":"","overlay-gradient":""},"mobile":{"background-color":"var(--ast-global-color-4)","background-image":"","background-repeat":"repeat","background-position":"center center","background-size":"auto","background-attachment":"scroll","background-type":"","background-media":"","overlay-type":"","overlay-color":"","overlay-opacity":"","overlay-gradient":""}},"footnotes":""},"class_list":["post-6304","page","type-page","status-publish","hentry"],"yoast_head":"<!-- This site is optimized with the Yoast SEO plugin v26.9 - https:\/\/yoast.com\/product\/yoast-seo-wordpress\/ -->\n<title>COMENTARIOS DE PDOT MULAL\u00d3 - MULAL\u00d3<\/title>\n<meta name=\"robots\" content=\"index, follow, max-snippet:-1, max-image-preview:large, max-video-preview:-1\" \/>\n<link rel=\"canonical\" href=\"https:\/\/mulalo.gob.ec\/cotopaxi\/comentarios-de-pdo\/\" \/>\n<meta property=\"og:locale\" content=\"es_ES\" \/>\n<meta property=\"og:type\" content=\"article\" \/>\n<meta property=\"og:title\" content=\"COMENTARIOS DE PDOT MULAL\u00d3 - MULAL\u00d3\" \/>\n<meta property=\"og:description\" content=\"&nbsp; PDOT Mulal\u00f3 2024\" \/>\n<meta property=\"og:url\" content=\"https:\/\/mulalo.gob.ec\/cotopaxi\/comentarios-de-pdo\/\" \/>\n<meta property=\"og:site_name\" content=\"MULAL\u00d3\" \/>\n<meta property=\"article:modified_time\" content=\"2024-10-28T21:29:33+00:00\" \/>\n<meta property=\"og:image\" content=\"https:\/\/mulalo.gob.ec\/cotopaxi\/wp-content\/uploads\/2024\/10\/PDOT-550x339.jpg\" \/>\n<meta name=\"twitter:card\" content=\"summary_large_image\" \/>\n<script type=\"application\/ld+json\" class=\"yoast-schema-graph\">{\"@context\":\"https:\/\/schema.org\",\"@graph\":[{\"@type\":\"WebPage\",\"@id\":\"https:\/\/mulalo.gob.ec\/cotopaxi\/comentarios-de-pdo\/\",\"url\":\"https:\/\/mulalo.gob.ec\/cotopaxi\/comentarios-de-pdo\/\",\"name\":\"COMENTARIOS DE PDOT MULAL\u00d3 - MULAL\u00d3\",\"isPartOf\":{\"@id\":\"https:\/\/mulalo.gob.ec\/cotopaxi\/#website\"},\"primaryImageOfPage\":{\"@id\":\"https:\/\/mulalo.gob.ec\/cotopaxi\/comentarios-de-pdo\/#primaryimage\"},\"image\":{\"@id\":\"https:\/\/mulalo.gob.ec\/cotopaxi\/comentarios-de-pdo\/#primaryimage\"},\"thumbnailUrl\":\"https:\/\/mulalo.gob.ec\/cotopaxi\/wp-content\/uploads\/2024\/10\/PDOT-550x339.jpg\",\"datePublished\":\"2024-10-28T20:53:34+00:00\",\"dateModified\":\"2024-10-28T21:29:33+00:00\",\"breadcrumb\":{\"@id\":\"https:\/\/mulalo.gob.ec\/cotopaxi\/comentarios-de-pdo\/#breadcrumb\"},\"inLanguage\":\"es\",\"potentialAction\":[{\"@type\":\"ReadAction\",\"target\":[\"https:\/\/mulalo.gob.ec\/cotopaxi\/comentarios-de-pdo\/\"]}]},{\"@type\":\"ImageObject\",\"inLanguage\":\"es\",\"@id\":\"https:\/\/mulalo.gob.ec\/cotopaxi\/comentarios-de-pdo\/#primaryimage\",\"url\":\"https:\/\/mulalo.gob.ec\/cotopaxi\/wp-content\/uploads\/2024\/10\/PDOT-550x339.jpg\",\"contentUrl\":\"https:\/\/mulalo.gob.ec\/cotopaxi\/wp-content\/uploads\/2024\/10\/PDOT-550x339.jpg\"},{\"@type\":\"BreadcrumbList\",\"@id\":\"https:\/\/mulalo.gob.ec\/cotopaxi\/comentarios-de-pdo\/#breadcrumb\",\"itemListElement\":[{\"@type\":\"ListItem\",\"position\":1,\"name\":\"Home\",\"item\":\"https:\/\/mulalo.gob.ec\/cotopaxi\/\"},{\"@type\":\"ListItem\",\"position\":2,\"name\":\"COMENTARIOS DE PDOT MULAL\u00d3\"}]},{\"@type\":\"WebSite\",\"@id\":\"https:\/\/mulalo.gob.ec\/cotopaxi\/#website\",\"url\":\"https:\/\/mulalo.gob.ec\/cotopaxi\/\",\"name\":\"GAD Parroquial de Mulalo Cotopaxi\",\"description\":\"Sitio Oficial del GAD Parroquial de Mulal\u00f3 Cotopaxi\",\"publisher\":{\"@id\":\"https:\/\/mulalo.gob.ec\/cotopaxi\/#organization\"},\"potentialAction\":[{\"@type\":\"SearchAction\",\"target\":{\"@type\":\"EntryPoint\",\"urlTemplate\":\"https:\/\/mulalo.gob.ec\/cotopaxi\/?s={search_term_string}\"},\"query-input\":{\"@type\":\"PropertyValueSpecification\",\"valueRequired\":true,\"valueName\":\"search_term_string\"}}],\"inLanguage\":\"es\"},{\"@type\":\"Organization\",\"@id\":\"https:\/\/mulalo.gob.ec\/cotopaxi\/#organization\",\"name\":\"GAD Parroquial de Mulalo Cotopaxi\",\"url\":\"https:\/\/mulalo.gob.ec\/cotopaxi\/\",\"logo\":{\"@type\":\"ImageObject\",\"inLanguage\":\"es\",\"@id\":\"https:\/\/mulalo.gob.ec\/cotopaxi\/#\/schema\/logo\/image\/\",\"url\":\"https:\/\/mulalo.gob.ec\/cotopaxi\/wp-content\/uploads\/2020\/06\/logoFooter.png\",\"contentUrl\":\"https:\/\/mulalo.gob.ec\/cotopaxi\/wp-content\/uploads\/2020\/06\/logoFooter.png\",\"width\":160,\"height\":156,\"caption\":\"GAD Parroquial de Mulalo Cotopaxi\"},\"image\":{\"@id\":\"https:\/\/mulalo.gob.ec\/cotopaxi\/#\/schema\/logo\/image\/\"}}]}<\/script>\n<!-- \/ Yoast SEO plugin. -->","yoast_head_json":{"title":"COMENTARIOS DE PDOT MULAL\u00d3 - MULAL\u00d3","robots":{"index":"index","follow":"follow","max-snippet":"max-snippet:-1","max-image-preview":"max-image-preview:large","max-video-preview":"max-video-preview:-1"},"canonical":"https:\/\/mulalo.gob.ec\/cotopaxi\/comentarios-de-pdo\/","og_locale":"es_ES","og_type":"article","og_title":"COMENTARIOS DE PDOT MULAL\u00d3 - MULAL\u00d3","og_description":"&nbsp; PDOT Mulal\u00f3 2024","og_url":"https:\/\/mulalo.gob.ec\/cotopaxi\/comentarios-de-pdo\/","og_site_name":"MULAL\u00d3","article_modified_time":"2024-10-28T21:29:33+00:00","og_image":[{"url":"https:\/\/mulalo.gob.ec\/cotopaxi\/wp-content\/uploads\/2024\/10\/PDOT-550x339.jpg","type":"","width":"","height":""}],"twitter_card":"summary_large_image","schema":{"@context":"https:\/\/schema.org","@graph":[{"@type":"WebPage","@id":"https:\/\/mulalo.gob.ec\/cotopaxi\/comentarios-de-pdo\/","url":"https:\/\/mulalo.gob.ec\/cotopaxi\/comentarios-de-pdo\/","name":"COMENTARIOS DE PDOT MULAL\u00d3 - MULAL\u00d3","isPartOf":{"@id":"https:\/\/mulalo.gob.ec\/cotopaxi\/#website"},"primaryImageOfPage":{"@id":"https:\/\/mulalo.gob.ec\/cotopaxi\/comentarios-de-pdo\/#primaryimage"},"image":{"@id":"https:\/\/mulalo.gob.ec\/cotopaxi\/comentarios-de-pdo\/#primaryimage"},"thumbnailUrl":"https:\/\/mulalo.gob.ec\/cotopaxi\/wp-content\/uploads\/2024\/10\/PDOT-550x339.jpg","datePublished":"2024-10-28T20:53:34+00:00","dateModified":"2024-10-28T21:29:33+00:00","breadcrumb":{"@id":"https:\/\/mulalo.gob.ec\/cotopaxi\/comentarios-de-pdo\/#breadcrumb"},"inLanguage":"es","potentialAction":[{"@type":"ReadAction","target":["https:\/\/mulalo.gob.ec\/cotopaxi\/comentarios-de-pdo\/"]}]},{"@type":"ImageObject","inLanguage":"es","@id":"https:\/\/mulalo.gob.ec\/cotopaxi\/comentarios-de-pdo\/#primaryimage","url":"https:\/\/mulalo.gob.ec\/cotopaxi\/wp-content\/uploads\/2024\/10\/PDOT-550x339.jpg","contentUrl":"https:\/\/mulalo.gob.ec\/cotopaxi\/wp-content\/uploads\/2024\/10\/PDOT-550x339.jpg"},{"@type":"BreadcrumbList","@id":"https:\/\/mulalo.gob.ec\/cotopaxi\/comentarios-de-pdo\/#breadcrumb","itemListElement":[{"@type":"ListItem","position":1,"name":"Home","item":"https:\/\/mulalo.gob.ec\/cotopaxi\/"},{"@type":"ListItem","position":2,"name":"COMENTARIOS DE PDOT MULAL\u00d3"}]},{"@type":"WebSite","@id":"https:\/\/mulalo.gob.ec\/cotopaxi\/#website","url":"https:\/\/mulalo.gob.ec\/cotopaxi\/","name":"GAD Parroquial de Mulalo Cotopaxi","description":"Sitio Oficial del GAD Parroquial de Mulal\u00f3 Cotopaxi","publisher":{"@id":"https:\/\/mulalo.gob.ec\/cotopaxi\/#organization"},"potentialAction":[{"@type":"SearchAction","target":{"@type":"EntryPoint","urlTemplate":"https:\/\/mulalo.gob.ec\/cotopaxi\/?s={search_term_string}"},"query-input":{"@type":"PropertyValueSpecification","valueRequired":true,"valueName":"search_term_string"}}],"inLanguage":"es"},{"@type":"Organization","@id":"https:\/\/mulalo.gob.ec\/cotopaxi\/#organization","name":"GAD Parroquial de Mulalo Cotopaxi","url":"https:\/\/mulalo.gob.ec\/cotopaxi\/","logo":{"@type":"ImageObject","inLanguage":"es","@id":"https:\/\/mulalo.gob.ec\/cotopaxi\/#\/schema\/logo\/image\/","url":"https:\/\/mulalo.gob.ec\/cotopaxi\/wp-content\/uploads\/2020\/06\/logoFooter.png","contentUrl":"https:\/\/mulalo.gob.ec\/cotopaxi\/wp-content\/uploads\/2020\/06\/logoFooter.png","width":160,"height":156,"caption":"GAD Parroquial de Mulalo Cotopaxi"},"image":{"@id":"https:\/\/mulalo.gob.ec\/cotopaxi\/#\/schema\/logo\/image\/"}}]}},"_links":{"self":[{"href":"https:\/\/mulalo.gob.ec\/cotopaxi\/wp-json\/wp\/v2\/pages\/6304","targetHints":{"allow":["GET"]}}],"collection":[{"href":"https:\/\/mulalo.gob.ec\/cotopaxi\/wp-json\/wp\/v2\/pages"}],"about":[{"href":"https:\/\/mulalo.gob.ec\/cotopaxi\/wp-json\/wp\/v2\/types\/page"}],"author":[{"embeddable":true,"href":"https:\/\/mulalo.gob.ec\/cotopaxi\/wp-json\/wp\/v2\/users\/3"}],"replies":[{"embeddable":true,"href":"https:\/\/mulalo.gob.ec\/cotopaxi\/wp-json\/wp\/v2\/comments?post=6304"}],"version-history":[{"count":2,"href":"https:\/\/mulalo.gob.ec\/cotopaxi\/wp-json\/wp\/v2\/pages\/6304\/revisions"}],"predecessor-version":[{"id":6308,"href":"https:\/\/mulalo.gob.ec\/cotopaxi\/wp-json\/wp\/v2\/pages\/6304\/revisions\/6308"}],"wp:attachment":[{"href":"https:\/\/mulalo.gob.ec\/cotopaxi\/wp-json\/wp\/v2\/media?parent=6304"}],"curies":[{"name":"wp","href":"https:\/\/api.w.org\/{rel}","templated":true}]}}