{"id":6828,"date":"2026-05-11T08:47:16","date_gmt":"2026-05-11T12:47:16","guid":{"rendered":"https:\/\/mulalo.gob.ec\/cotopaxi\/?page_id=6828"},"modified":"2026-05-11T08:47:16","modified_gmt":"2026-05-11T12:47:16","slug":"politica-para-el-tratamiento-de-datos-personales","status":"publish","type":"page","link":"https:\/\/mulalo.gob.ec\/cotopaxi\/politica-para-el-tratamiento-de-datos-personales\/","title":{"rendered":"Pol\u00edtica para el tratamiento de datos personales"},"content":{"rendered":"<p class=\"has-text-align-center\">I.\u00a0\u00a0\u00a0 POL\u00cdTICA DE PRIVACIDAD<\/p>\n<p><strong>1.<\/strong><strong>\u00a0\u00a0\u00a0\u00a0<\/strong><strong>\u00a0Alcance<\/strong><\/p>\n<p>Esta pol\u00edtica de privacidad se aplica a todos los datos personales de la ciudadan\u00eda recolectados a trav\u00e9s de los portales web de la Parroquia de Mulal\u00f3.<\/p>\n<p><strong>2.<\/strong><strong>\u00a0\u00a0\u00a0\u00a0<\/strong><strong>\u00a0Datos que se recolecta<\/strong><\/p>\n<p>De manera general, en los portales web de la Parroquia de Mulal\u00f3 se recopila en l\u00ednea los siguientes datos personales de la ciudadan\u00eda:<\/p>\n<ul>\n<li>Comportamiento de navegaci\u00f3n en la p\u00e1gina.<\/li>\n<li>Datos aproximados de ubicaci\u00f3n desde donde se accede al sitio (ciudad y pa\u00eds).<\/li>\n<li>Sistema operativo y navegador utilizado.<\/li>\n<li>Dispositivo que utiliza para acceder al portal.<\/li>\n<\/ul>\n<p>De manera espec\u00edfica la Parroquia de Mulal\u00f3 hasta la actualidad no registra la implementaci\u00f3n de un servicio web que recolecte los datos antes mencionados, pero dejando la constancia para la aplicaci\u00f3n de pol\u00edticas para el tratamiento de datos personales cuando el caso as\u00ed lo requiera.<\/p>\n<h2 class=\"wp-block-heading\">3.\u00a0\u00a0\u00a0\u00a0 Finalidad<\/h2>\n<ul>\n<li>La informaci\u00f3n recolectada tiene el fin de mejorar la experiencia Web con respecto al contenido, uso e interacci\u00f3n de los usuarios con el portal Web de la Parroquia de Mulal\u00f3.<\/li>\n<\/ul>\n<p><strong>4.<\/strong><strong>\u00a0\u00a0\u00a0\u00a0<\/strong><strong>\u00a0Proceso para ejercer derecho de acceso y rectificaci<\/strong><strong>\u00f3<\/strong><strong>n<\/strong><\/p>\n<p>Se reconoce a los titulares de datos personales el\u00a0acceso y rectificaci\u00f3n\u00a0al tratamiento que se realice sobre sus datos, para lo cual debe ingresar al sistema de\u00a0<a href=\"https:\/\/aplicaciones.administracionpublica.gob.ec\/\"><strong>contacto ciudadano<\/strong><\/a>, elegir el bot\u00f3n &lt;Quejas&gt; y seleccionar el tipo de requerimiento: Derecho de Acceso, o Derecho de Rectificaci\u00f3n.<\/p>\n<p>Debe llenar todos los campos requeridos en el formulario que se despliega, y finalmente presionar el bot\u00f3n &lt;Aceptar&gt;.<\/p>\n<p>El Ministerio de Gobierno analiza si el pedido es procedente o no y comunica al titular notificando dicho particular.<\/p>\n<p><strong>5.<\/strong><strong>\u00a0\u00a0\u00a0\u00a0<\/strong><strong>\u00a0Notificaciones cuando existan cambios en la pol<\/strong><strong>\u00ed<\/strong><strong>tica de privacidad<\/strong><\/p>\n<p>La Parroquia de Mulal\u00f3 puede actualizar su pol\u00edtica de privacidad cuando sea necesario. Si realizamos cambios sustanciales, le notificaremos mediante un aviso en este sitio web <a href=\"https:\/\/gobernacionloja.gob.ec\/\">https:\/\/mulalo.gob.ec\/<\/a>\u00a0antes de que el cambio entre en vigencia. Le recomendamos que revise peri\u00f3dicamente esta p\u00e1gina para obtener informaci\u00f3n reciente sobre nuestras pr\u00e1cticas de privacidad.<\/p>\n<p><strong>6.<\/strong><strong>\u00a0\u00a0\u00a0\u00a0<\/strong><strong>\u00a0Uso de cookies<\/strong><\/p>\n<p>La Parroquia de Mulal\u00f3 puede utilizar sus datos personales, incluidos los datos recopilados como resultado de la navegaci\u00f3n del sitio y los protocolos y registros electr\u00f3nicos para ayudar a mejorar la calidad, crear y personalizar el contenido del sitio web, adem\u00e1s de realizar un seguimiento de la capacidad de respuesta de los servicios entregados.<\/p>\n<p>Los Portales web de la Parroquia de Mulal\u00f3 utilizan las cookies para mejorar la navegaci\u00f3n y la calidad del sitio web. No compartimos sus datos personales sin su consentimiento. Cuando hace clic o interact\u00faa con un anuncio o banner, existe la posibilidad de que el propietario de este recurso pueda colocar una cookie en su navegador con sus propias condiciones de uso.<\/p>\n<p><strong>7.<\/strong><strong>\u00a0\u00a0\u00a0\u00a0<\/strong><strong>\u00a0Medidas para precautelar la seguridad de los datos personales<\/strong><\/p>\n<p>La Parroquia de Mulal\u00f3, protege la confidencialidad, integridad y disponibilidad de los activos de informaci\u00f3n al seguir un enfoque de administraci\u00f3n de riesgos basado en pol\u00edticas, est\u00e1ndares, pautas y procedimientos para cumplir con los objetivos de seguridad al tiempo que respalda los objetivos.<\/p>\n<p>La Parroquia de Mulal\u00f3 utiliza el protocolo HTTPS para brindar seguridad en el uso de los canales electr\u00f3nicos que requieran un nivel mayor de seguridad.<\/p>\n<p><strong>8.<\/strong><strong>\u00a0\u00a0\u00a0\u00a0<\/strong><strong>\u00a0Base legal que sustenta el tratamiento de los datos<\/strong><\/p>\n<p>El tratamiento que se da a los datos personales de los ciudadanos que acceden a trav\u00e9s de los portales web de la Parroquia de Mulal\u00f3; se fundamenta en los siguientes instrumentos legales:<\/p>\n<ul>\n<li><em>Decreto Ejecutivo No. 1384, diciembre 2012,<\/em><em>\u00a0<\/em><strong><em>Art<\/em><\/strong><strong><em>\u00ed<\/em><\/strong><strong><em>culo 1.-<\/em><\/strong><em>\u00a0\u201c<\/em><em>Establecer como pol<\/em><em>\u00ed<\/em><em>tica p<\/em><em>\u00fa<\/em><em>blica el desarrollo de la interoperabilidad gubernamental que consiste en el esfuerzo mancomunado y permanente de todas las entidades de la Administraci<\/em><em>\u00f3<\/em><em>n P<\/em><em>\u00fa<\/em><em>blica Central, para compartir e intercambiar entre ellas, por medio de las tecnolog<\/em><em>\u00ed<\/em><em>as de la informaci<\/em><em>\u00f3<\/em><em>n y comunicaci<\/em><em>\u00f3<\/em><em>n, datos e informaci<\/em><em>\u00f3<\/em><em>n electr<\/em><em>\u00f3<\/em><em>nicos que son necesarios en la prestaci<\/em><em>\u00f3<\/em><em>n de los tr<\/em><em>\u00e1<\/em><em>mites y servicios ciudadanos que presentan las entidades, as<\/em><em>\u00ed<\/em><em>\u00a0como en la gesti<\/em><em>\u00f3<\/em><em>n interna e interinstitucional<\/em><em>\u201d<\/em><em>.<\/em><\/li>\n<li><em>COESCCi, Disposiciones Generales, VIG<\/em><em>\u00c9<\/em><em>SIMA SEPTIMA.-\u00a0<\/em><em>\u201c<\/em><em>(<\/em><em>\u2026<\/em><em>) El tratamiento de datos personales que incluya acciones tales como la recopilaci<\/em><em>\u00f3<\/em><em>n, sistematizaci<\/em><em>\u00f3<\/em><em>n y almacenamiento de datos personales, requerir<\/em><em>\u00e1<\/em><em>\u00a0la autorizaci<\/em><em>\u00f3<\/em><em>n previa e informada del titular. No se requerir<\/em><em>\u00e1<\/em><em>\u00a0de la autorizaci<\/em><em>\u00f3<\/em><em>n del titular cuando el tratamiento sea desarrollado por una instituci<\/em><em>\u00f3<\/em><em>n p<\/em><em>\u00fa<\/em><em>blica y tenga una finalidad estad<\/em><em>\u00ed<\/em><em>stica o cient<\/em><em>\u00ed<\/em><em>fica; de protecci<\/em><em>\u00f3<\/em><em>n a la salud o seguridad; o sea realizado como parte de una pol<\/em><em>\u00ed<\/em><em>tica p<\/em><em>\u00fa<\/em><em>blica de garant<\/em><em>\u00ed<\/em><em>a de derechos constitucionalmente reconocidos (<\/em><em>\u2026<\/em><em>)<\/em><em>\u201d<\/em><em>.<\/em><\/li>\n<li>Gu\u00eda para la protecci\u00f3n de datos personales en la Administraci\u00f3n P\u00fablica Central, emitido por el MINTEL mediante Acuerdo Ministerial 012-2019 del 11 de junio de 2019.<\/li>\n<\/ul>\n<p>II.\u00a0\u00a0 T\u00c9RMINOS Y CONDICIONES DE USO<\/p>\n<ul>\n<li>El uso de los portales web del Ministerio de Gobierno o de cualquiera de sus componentes, implica la aceptaci\u00f3n expresa de los presentes t\u00e9rminos y condiciones de Uso.<\/li>\n<li>El Ministerio de Gobierno dispone de estos portales web para informar a los ciudadanos sobre la gesti\u00f3n que lleva adelante en lo relacionado con temas de inter\u00e9s y aquellos que son dispuestos por el Ministerio de Gobierno, en tal caso como se menciona en el presente la Parroquia de Mulal\u00f3 aun no prosee un servicio Web que requiera y solicite informaci\u00f3n personal de los ciudadanos.<\/li>\n<li>La Parroquia de Mulal\u00f3, solamente es responsable del tratamiento y uso de los datos personales que recabe en forma directa a trav\u00e9s de sus portales web. No asumimos cualquier responsabilidad que pueda generar al usuario el uso inadecuado o contrario a los fines de los canales electr\u00f3nicos se\u00f1alados.<\/li>\n<\/ul>\n<p><em>Son obligaciones del usuario:<\/em><\/p>\n<ul>\n<li>No da\u00f1ar, inutilizar, modificar o deteriorar los canales electr\u00f3nicos a los que est\u00e1 teniendo acceso, ni los contenidos incorporados y almacenados en \u00e9stos.<\/li>\n<li>No utilizar versiones de sistemas modificados con el fin de obtener accesos no autorizados a cualquier canal electr\u00f3nico, contenidos y a servicios ofrecidos a trav\u00e9s de estos.<\/li>\n<li>No interferir ni interrumpir el acceso, funcionalidad y utilizaci\u00f3n de canales electr\u00f3nicos y redes conectados al mismo.<\/li>\n<\/ul>\n","protected":false},"excerpt":{"rendered":"<p>I.\u00a0\u00a0\u00a0 POL\u00cdTICA DE PRIVACIDAD 1.\u00a0\u00a0\u00a0\u00a0\u00a0Alcance Esta pol\u00edtica de privacidad se aplica a todos los datos personales de la ciudadan\u00eda recolectados [&hellip;]<\/p>\n","protected":false},"author":2,"featured_media":0,"parent":0,"menu_order":0,"comment_status":"closed","ping_status":"closed","template":"","meta":{"site-sidebar-layout":"default","site-content-layout":"","ast-site-content-layout":"default","site-content-style":"default","site-sidebar-style":"default","ast-global-header-display":"","ast-banner-title-visibility":"","ast-main-header-display":"","ast-hfb-above-header-display":"","ast-hfb-below-header-display":"","ast-hfb-mobile-header-display":"","site-post-title":"","ast-breadcrumbs-content":"","ast-featured-img":"","footer-sml-layout":"","ast-disable-related-posts":"","theme-transparent-header-meta":"default","adv-header-id-meta":"","stick-header-meta":"","header-above-stick-meta":"","header-main-stick-meta":"","header-below-stick-meta":"","astra-migrate-meta-layouts":"set","ast-page-background-enabled":"default","ast-page-background-meta":{"desktop":{"background-color":"var(--ast-global-color-5)","background-image":"","background-repeat":"repeat","background-position":"center center","background-size":"auto","background-attachment":"scroll","background-type":"","background-media":"","overlay-type":"","overlay-color":"","overlay-opacity":"","overlay-gradient":""},"tablet":{"background-color":"","background-image":"","background-repeat":"repeat","background-position":"center center","background-size":"auto","background-attachment":"scroll","background-type":"","background-media":"","overlay-type":"","overlay-color":"","overlay-opacity":"","overlay-gradient":""},"mobile":{"background-color":"","background-image":"","background-repeat":"repeat","background-position":"center center","background-size":"auto","background-attachment":"scroll","background-type":"","background-media":"","overlay-type":"","overlay-color":"","overlay-opacity":"","overlay-gradient":""}},"ast-content-background-meta":{"desktop":{"background-color":"var(--ast-global-color-4)","background-image":"","background-repeat":"repeat","background-position":"center center","background-size":"auto","background-attachment":"scroll","background-type":"","background-media":"","overlay-type":"","overlay-color":"","overlay-opacity":"","overlay-gradient":""},"tablet":{"background-color":"var(--ast-global-color-4)","background-image":"","background-repeat":"repeat","background-position":"center center","background-size":"auto","background-attachment":"scroll","background-type":"","background-media":"","overlay-type":"","overlay-color":"","overlay-opacity":"","overlay-gradient":""},"mobile":{"background-color":"var(--ast-global-color-4)","background-image":"","background-repeat":"repeat","background-position":"center center","background-size":"auto","background-attachment":"scroll","background-type":"","background-media":"","overlay-type":"","overlay-color":"","overlay-opacity":"","overlay-gradient":""}},"footnotes":""},"class_list":["post-6828","page","type-page","status-publish","hentry"],"yoast_head":"<!-- This site is optimized with the Yoast SEO plugin v27.5 - https:\/\/yoast.com\/product\/yoast-seo-wordpress\/ -->\n<title>Pol\u00edtica para el tratamiento de datos personales - MULAL\u00d3<\/title>\n<meta name=\"robots\" content=\"index, follow, max-snippet:-1, max-image-preview:large, max-video-preview:-1\" \/>\n<link rel=\"canonical\" href=\"https:\/\/mulalo.gob.ec\/cotopaxi\/politica-para-el-tratamiento-de-datos-personales\/\" \/>\n<meta property=\"og:locale\" content=\"es_ES\" \/>\n<meta property=\"og:type\" content=\"article\" \/>\n<meta property=\"og:title\" content=\"Pol\u00edtica para el tratamiento de datos personales - MULAL\u00d3\" \/>\n<meta property=\"og:description\" content=\"I.\u00a0\u00a0\u00a0 POL\u00cdTICA DE PRIVACIDAD 1.\u00a0\u00a0\u00a0\u00a0\u00a0Alcance Esta pol\u00edtica de privacidad se aplica a todos los datos personales de la ciudadan\u00eda recolectados [&hellip;]\" \/>\n<meta property=\"og:url\" content=\"https:\/\/mulalo.gob.ec\/cotopaxi\/politica-para-el-tratamiento-de-datos-personales\/\" \/>\n<meta property=\"og:site_name\" content=\"MULAL\u00d3\" \/>\n<meta name=\"twitter:card\" content=\"summary_large_image\" \/>\n<meta name=\"twitter:label1\" content=\"Tiempo de lectura\" \/>\n\t<meta name=\"twitter:data1\" content=\"5 minutos\" \/>\n<script type=\"application\/ld+json\" class=\"yoast-schema-graph\">{\"@context\":\"https:\\\/\\\/schema.org\",\"@graph\":[{\"@type\":\"WebPage\",\"@id\":\"https:\\\/\\\/mulalo.gob.ec\\\/cotopaxi\\\/politica-para-el-tratamiento-de-datos-personales\\\/\",\"url\":\"https:\\\/\\\/mulalo.gob.ec\\\/cotopaxi\\\/politica-para-el-tratamiento-de-datos-personales\\\/\",\"name\":\"Pol\u00edtica para el tratamiento de datos personales - MULAL\u00d3\",\"isPartOf\":{\"@id\":\"https:\\\/\\\/mulalo.gob.ec\\\/cotopaxi\\\/#website\"},\"datePublished\":\"2026-05-11T12:47:16+00:00\",\"breadcrumb\":{\"@id\":\"https:\\\/\\\/mulalo.gob.ec\\\/cotopaxi\\\/politica-para-el-tratamiento-de-datos-personales\\\/#breadcrumb\"},\"inLanguage\":\"es\",\"potentialAction\":[{\"@type\":\"ReadAction\",\"target\":[\"https:\\\/\\\/mulalo.gob.ec\\\/cotopaxi\\\/politica-para-el-tratamiento-de-datos-personales\\\/\"]}]},{\"@type\":\"BreadcrumbList\",\"@id\":\"https:\\\/\\\/mulalo.gob.ec\\\/cotopaxi\\\/politica-para-el-tratamiento-de-datos-personales\\\/#breadcrumb\",\"itemListElement\":[{\"@type\":\"ListItem\",\"position\":1,\"name\":\"Home\",\"item\":\"https:\\\/\\\/mulalo.gob.ec\\\/cotopaxi\\\/\"},{\"@type\":\"ListItem\",\"position\":2,\"name\":\"Pol\u00edtica para el tratamiento de datos personales\"}]},{\"@type\":\"WebSite\",\"@id\":\"https:\\\/\\\/mulalo.gob.ec\\\/cotopaxi\\\/#website\",\"url\":\"https:\\\/\\\/mulalo.gob.ec\\\/cotopaxi\\\/\",\"name\":\"GAD Parroquial de Mulalo Cotopaxi\",\"description\":\"Sitio Oficial del GAD Parroquial de Mulal\u00f3 Cotopaxi\",\"publisher\":{\"@id\":\"https:\\\/\\\/mulalo.gob.ec\\\/cotopaxi\\\/#organization\"},\"potentialAction\":[{\"@type\":\"SearchAction\",\"target\":{\"@type\":\"EntryPoint\",\"urlTemplate\":\"https:\\\/\\\/mulalo.gob.ec\\\/cotopaxi\\\/?s={search_term_string}\"},\"query-input\":{\"@type\":\"PropertyValueSpecification\",\"valueRequired\":true,\"valueName\":\"search_term_string\"}}],\"inLanguage\":\"es\"},{\"@type\":\"Organization\",\"@id\":\"https:\\\/\\\/mulalo.gob.ec\\\/cotopaxi\\\/#organization\",\"name\":\"GAD Parroquial de Mulalo Cotopaxi\",\"url\":\"https:\\\/\\\/mulalo.gob.ec\\\/cotopaxi\\\/\",\"logo\":{\"@type\":\"ImageObject\",\"inLanguage\":\"es\",\"@id\":\"https:\\\/\\\/mulalo.gob.ec\\\/cotopaxi\\\/#\\\/schema\\\/logo\\\/image\\\/\",\"url\":\"https:\\\/\\\/mulalo.gob.ec\\\/cotopaxi\\\/wp-content\\\/uploads\\\/2020\\\/06\\\/logoFooter.png\",\"contentUrl\":\"https:\\\/\\\/mulalo.gob.ec\\\/cotopaxi\\\/wp-content\\\/uploads\\\/2020\\\/06\\\/logoFooter.png\",\"width\":160,\"height\":156,\"caption\":\"GAD Parroquial de Mulalo Cotopaxi\"},\"image\":{\"@id\":\"https:\\\/\\\/mulalo.gob.ec\\\/cotopaxi\\\/#\\\/schema\\\/logo\\\/image\\\/\"}}]}<\/script>\n<!-- \/ Yoast SEO plugin. -->","yoast_head_json":{"title":"Pol\u00edtica para el tratamiento de datos personales - MULAL\u00d3","robots":{"index":"index","follow":"follow","max-snippet":"max-snippet:-1","max-image-preview":"max-image-preview:large","max-video-preview":"max-video-preview:-1"},"canonical":"https:\/\/mulalo.gob.ec\/cotopaxi\/politica-para-el-tratamiento-de-datos-personales\/","og_locale":"es_ES","og_type":"article","og_title":"Pol\u00edtica para el tratamiento de datos personales - MULAL\u00d3","og_description":"I.\u00a0\u00a0\u00a0 POL\u00cdTICA DE PRIVACIDAD 1.\u00a0\u00a0\u00a0\u00a0\u00a0Alcance Esta pol\u00edtica de privacidad se aplica a todos los datos personales de la ciudadan\u00eda recolectados [&hellip;]","og_url":"https:\/\/mulalo.gob.ec\/cotopaxi\/politica-para-el-tratamiento-de-datos-personales\/","og_site_name":"MULAL\u00d3","twitter_card":"summary_large_image","twitter_misc":{"Tiempo de lectura":"5 minutos"},"schema":{"@context":"https:\/\/schema.org","@graph":[{"@type":"WebPage","@id":"https:\/\/mulalo.gob.ec\/cotopaxi\/politica-para-el-tratamiento-de-datos-personales\/","url":"https:\/\/mulalo.gob.ec\/cotopaxi\/politica-para-el-tratamiento-de-datos-personales\/","name":"Pol\u00edtica para el tratamiento de datos personales - MULAL\u00d3","isPartOf":{"@id":"https:\/\/mulalo.gob.ec\/cotopaxi\/#website"},"datePublished":"2026-05-11T12:47:16+00:00","breadcrumb":{"@id":"https:\/\/mulalo.gob.ec\/cotopaxi\/politica-para-el-tratamiento-de-datos-personales\/#breadcrumb"},"inLanguage":"es","potentialAction":[{"@type":"ReadAction","target":["https:\/\/mulalo.gob.ec\/cotopaxi\/politica-para-el-tratamiento-de-datos-personales\/"]}]},{"@type":"BreadcrumbList","@id":"https:\/\/mulalo.gob.ec\/cotopaxi\/politica-para-el-tratamiento-de-datos-personales\/#breadcrumb","itemListElement":[{"@type":"ListItem","position":1,"name":"Home","item":"https:\/\/mulalo.gob.ec\/cotopaxi\/"},{"@type":"ListItem","position":2,"name":"Pol\u00edtica para el tratamiento de datos personales"}]},{"@type":"WebSite","@id":"https:\/\/mulalo.gob.ec\/cotopaxi\/#website","url":"https:\/\/mulalo.gob.ec\/cotopaxi\/","name":"GAD Parroquial de Mulalo Cotopaxi","description":"Sitio Oficial del GAD Parroquial de Mulal\u00f3 Cotopaxi","publisher":{"@id":"https:\/\/mulalo.gob.ec\/cotopaxi\/#organization"},"potentialAction":[{"@type":"SearchAction","target":{"@type":"EntryPoint","urlTemplate":"https:\/\/mulalo.gob.ec\/cotopaxi\/?s={search_term_string}"},"query-input":{"@type":"PropertyValueSpecification","valueRequired":true,"valueName":"search_term_string"}}],"inLanguage":"es"},{"@type":"Organization","@id":"https:\/\/mulalo.gob.ec\/cotopaxi\/#organization","name":"GAD Parroquial de Mulalo Cotopaxi","url":"https:\/\/mulalo.gob.ec\/cotopaxi\/","logo":{"@type":"ImageObject","inLanguage":"es","@id":"https:\/\/mulalo.gob.ec\/cotopaxi\/#\/schema\/logo\/image\/","url":"https:\/\/mulalo.gob.ec\/cotopaxi\/wp-content\/uploads\/2020\/06\/logoFooter.png","contentUrl":"https:\/\/mulalo.gob.ec\/cotopaxi\/wp-content\/uploads\/2020\/06\/logoFooter.png","width":160,"height":156,"caption":"GAD Parroquial de Mulalo Cotopaxi"},"image":{"@id":"https:\/\/mulalo.gob.ec\/cotopaxi\/#\/schema\/logo\/image\/"}}]}},"_links":{"self":[{"href":"https:\/\/mulalo.gob.ec\/cotopaxi\/wp-json\/wp\/v2\/pages\/6828","targetHints":{"allow":["GET"]}}],"collection":[{"href":"https:\/\/mulalo.gob.ec\/cotopaxi\/wp-json\/wp\/v2\/pages"}],"about":[{"href":"https:\/\/mulalo.gob.ec\/cotopaxi\/wp-json\/wp\/v2\/types\/page"}],"author":[{"embeddable":true,"href":"https:\/\/mulalo.gob.ec\/cotopaxi\/wp-json\/wp\/v2\/users\/2"}],"replies":[{"embeddable":true,"href":"https:\/\/mulalo.gob.ec\/cotopaxi\/wp-json\/wp\/v2\/comments?post=6828"}],"version-history":[{"count":1,"href":"https:\/\/mulalo.gob.ec\/cotopaxi\/wp-json\/wp\/v2\/pages\/6828\/revisions"}],"predecessor-version":[{"id":6830,"href":"https:\/\/mulalo.gob.ec\/cotopaxi\/wp-json\/wp\/v2\/pages\/6828\/revisions\/6830"}],"wp:attachment":[{"href":"https:\/\/mulalo.gob.ec\/cotopaxi\/wp-json\/wp\/v2\/media?parent=6828"}],"curies":[{"name":"wp","href":"https:\/\/api.w.org\/{rel}","templated":true}]}}